housands digit of 11343?
1
What is the thousands digit of 22917?
2
What is the units digit of 5730?
0
What is the units digit of 74590?
0
What is the ten thousands digit of 40708?
4
What is the units digit of 1466?
6
What is the thousands digit of 5027?
5
What is the hundreds digit of 12665?
6
What is the hundreds digit of 8892?
8
What is the tens digit of 2247?
4
What is the thousands digit of 1377?
1
What is the hundreds digit of 36646?
6
What is the hundreds digit of 1484?
4
What is the thousands digit of 1815?
1
What is the thousands digit of 10777?
0
What is the tens digit of 458?
5
What is the thousands digit of 31090?
1
What is the tens digit of 1889?
8
What is the tens digit of 1116?
1
What is the tens digit of 48186?
8
What is the units digit of 737?
7
What is the hundreds digit of 1865?
8
What is the tens digit of 62416?
1
What is the thousands digit of 37944?
7
What is the units digit of 1005?
5
What is the thousands digit of 4016?
4
What is the hundreds digit of 444?
4
What is the tens digit of 15216?
1
What is the units digit of 7853?
3
What is the tens digit of 3131?
3
What is the hundreds digit of 252?
2
What is the tens digit of 170618?
1
What is the hundreds digit of 717?
7
What is the units digit of 10033?
3
What is the units digit of 69?
9
What is the hundreds digit of 3576?
5
What is the units digit of 7137?
7
What is the thousands digit of 2093?
2
What is the units digit of 8580?
0
What is the hundreds digit of 2593?
5
What is the tens digit of 6132?
3
What is the ten thousands digit of 86312?
8
What is the tens digit of 81258?
5
What is the units digit of 908?
8
What is the tens digit of 817?
1
What is the thousands digit of 4110?
4
What is the ten thousands digit of 18497?
1
What is the tens digit of 2700?
0
What is the hundreds digit of 151435?
4
What is the ten thousands digit of 11911?
1
What is the units digit of 1086?
6
What is the thousands digit of 2425?
2
What is the hundreds digit of 6160?
1
What is the tens digit of 2740?
4
What is the thousands digit of 33746?
3
What is the thousands digit of 4145?
4
What is the tens digit of 888?
8
What is the thousands digit of 2125?
2
What is the tens digit of 948?
4
What is the hundreds digit of 2817?
8
What is the tens digit of 9284?
8
What is the hundreds digit of 656?
6
What is the ten thousands digit of 22705?
2
What is the tens digit of 2648?
4
What is the thousands digit of 3893?
3
What is the hundreds digit of 31695?
6
What is the tens digit of 17650?
5
What is the thousands digit of 32635?
2
What is the units digit of 7994?
4
What is the tens digit of 102722?
2
What is the tens digit of 168?
6
What is the units digit of 108771?
1
What is the thousands digit of 8933?
8
What is the units digit of 12059?
9
What is the hundreds digit of 4347?
3
What is the tens digit of 131?
3
What is the hundreds digit of 375?
3
What is the tens digit of 44537?
3
What is the ten thousands digit of 46795?
4
What is the thousands digit of 76910?
6
What is the thousands digit of 1266?
1
What is the units digit of 3947?
7
What is the thousands digit of 3504?
3
What is the ten thousands digit of 186999?
8
What is the thousands digit of 2692?
2
What is the hundreds digit of 965?
9
What is the tens digit of 180250?
5
What is the tens digit of 5241?
4
What is the ten thousands digit of 29408?
2
What is the tens digit of 7525?
2
What is the hundreds digit of 52503?
5
What is the hundreds digit of 19159?
1
What is the units digit of 1767?
7
What is the units digit of 3507?
7
What is the thousands digit of 26265?
6
What is the units digit of 2458?
8
What is the units digit of 142?
2
What is the hundreds digit of 771?
7
What is the thousands digit of 1566?
1
What is the units digit of 80281?
1
What is the tens digit of 2534?
3
What is the ten thousands digit of 36495?
3
What is the units digit of 25223?
3
What is the units digit of 64329?
9
What is the units digit of 21232?
2
What is the thousands digit of 2711?
2
What is the tens digit of 8893?
9
What is the thousands digit of 2604?
2
What is the hundreds digit of 46234?
2
What is the tens digit of 4122?
2
What is the ten thousands digit of 45580?
4
What is the tens digit of 1318?
1
What is the units digit of 5546?
6
What is the hundreds digit of 2590?
5
What is the hundreds digit of 1509?
5
What is the tens digit of 1320?
2
What is the units digit of 3985?
5
What is the units digit of 2382?
2
What is the tens digit of 1723?
2
What is the tens digit of 950?
5
What is the units digit of 3277?
7
What is the ten thousands digit of 27374?
2
What is the hundreds digit of 133689?
6
What is the tens digit of 132?
3
What is the hundreds digit of 19619?
6
What is the tens digit of 267?
6
What is the hundreds digit of 44238?
2
What is the ten thousands digit of 157400?
5
What is the thousands digit of 2085?
2
What is the thousands digit of 2781?
2
What is the units digit of 8507?
7
What is the thousands digit of 4174?
4
What is the units digit of 14?
4
What is the hundreds digit of 1632?
6
What is the units digit of 9298?
8
What is the thousands digit of 1580?
1
What is the tens digit of 7866?
6
What is the tens digit of 8918?
1
What is the tens digit of 17450?
5
What is the hundreds digit of 397?
3
What is the hundreds digit of 6781?
7
What is the units digit of 3126?
6
What is the ten thousands digit of 79115?
7
What is the hundreds digit of 222?
2
What is the units digit of 30522?
2
What is the tens digit of 1580?
8
What is the thousands digit of 66603?
6
What is the thousands digit of 2361?
2
What is the tens digit of 1018?
1
What is the thousands digit of 1907?
1
What is the units digit of 379?
9
What is the units digit of 2947?
7
What is the ten thousands digit of 115802?
1
What is the ten thousands digit of 46174?
4
What is the hundred thousands digit of 118476?
1
What is the thousands digit of 11297?
1
What is the thousands digit of 8793?
8
What is the hundreds digit of 466?
4
What is the thousands digit of 70381?
0
What is the thousands digit of 2961?
2
What is the tens digit of 858?
5
What is the units digit of 929?
9
What is the hundreds digit of 265?
2
What is the tens digit of 66?
6
What is the hundreds digit of 15766?
7
What is the units digit of 945?
5
What is the units digit of 17589?
9
What is the ten thousands digit of 23295?
2
What is the units digit of 14942?
2
What is the tens digit of 7418?
1
What is the tens digit of 20957?
5
What is the units digit of 21552?
2
What is the tens digit of 1358?
5
What is the units digit of 19152?
2
What is the hundreds digit of 364?
3
What is the units digit of 7057?
7
What is the thousands digit of 5248?
5
What is the units digit of 3144?
4
What is the hundreds digit of 816?
8
What is the units digit of 838?
8
What is the ten thousands digit of 10734?
1
What is the ten thousands digit of 54632?
5
What is the ten thousands digit of 19916?
1
What is the tens digit of 175919?
1
What is the tens digit of 649?
4
What is the hundreds digit of 2204?
2
What is the ten thousands digit of 27374?
2
What is the thousands digit of 38617?
8
What is the hundreds digit of 37006?
0
What is the thousands digit of 15766?
5
What is the units digit of 67301?
1
What is the hundreds digit of 55652?
6
What is the tens digit of 12011?
1
What is the units digit of 985?
5
What is the units digit of 54282?
2
What is the tens digit of 3582?
8
What is the units digit of 39203?
3
What is the hundreds digit of 50021?
0
What is the units digit of 1329?
9
What is the hundreds digit of 106?
1
What is the tens digit of 3042?
4
What is the tens digit of 3082?
8
What is the tens digit of 168?
6
What is the tens digit of 5456?
5
What is the hundreds digit of 7492?
4
What is the units digit of 706?
6
What is the units digit of 9?
9
What is the tens digit of 20965?
6
What is the tens digit of 9295?
9
What is the thousands digit of 1868?
1
What is the thousands digit of 17322?
7
What is the units digit of 569?
9
What is the hundreds digit of 6285?
2
What is the units digit of 7714?
4
What is the tens digit of 3534?
3
What is the tens digit of 155138?
3
What is the thousands digit of 25215?
5
What is the tens digit of 54395?
9
What is the units digit of 9537?
7
What is the units digit of 17350?
0
What is the tens digit of 45426?
2
What i